d by c?
4
What is the remainder when 158 is divided by 5 + (1*-72)/(-4)?
20
Let h(t) = -t**3 + 5*t**2 + 6*t + 3. Let g be h(6). Suppose -g*r - 4*k = -88, 2*r - 2*k = 20 + 34. What is the remainder when r is divided by 15?
13
Let g = -56 + 94. Calculate the remainder when g is divided by 14.
10
Suppose -5*f + 88 = -f. Calculate the remainder when 42 is divided by f.
20
Let z(p) = -p**3 - 5*p**2 + 4*p + 2. Let t be z(-5). Let a = t - -56. What is the remainder when a is divided by 13?
12
Let x be 2 + (2 + -1 - -29). Suppose 0*l - 2*z - x = -3*l, 5*z + 20 = 0. What is the remainder when 29 is divided by l?
5
Let m(r) = -7*r**3 + 1. What is the remainder when 29 is divided by m(-1)?
5
Suppose -3*a + 4 = -a, 0 = 4*f - a - 50. What is the remainder when 2/(2*-1) - -37 is divided by f?
10
Suppose 16*d = -17*d + 2706. Suppose 0 = -4*q, q - 71 = -4*l + 13. What is the remainder when d is divided by l?
19
Suppose 4*w + 36 - 104 = 0. Suppose 3*i = 8 - 29. Let d(m) = -m**2 - 13*m - 10. What is the remainder when d(i) is divided by w?
15
Let u be (-1)/1*0/(-2). Suppose 5*a - 4*i - 3 - 4 = u, -10 = -5*i. Suppose -x + 11 = -5*k, x + 5*k = a*x - 17. Calculate the remainder when 17 is divided by x.
5
Let z = 26 + -47. Let c = z + 30. Suppose 4*n - 21 - 83 = -4*i, 3*n - 128 = -5*i. What is the remainder when i is divided by c?
7
Let c(l) = 57*l**2 - 3*l + 2. Calculate the remainder when c(1) is divided by 15.
11
Let s be -2 + 1/((-1)/(-24)). Suppose 3*h - 6*h = 45. Let w = h + s. Calculate the remainder when 19 is divided by w.
5
Let j be 1/((21/12)/7). Suppose f + j - 11 = 0. What is the remainder when 26 is divided by f?
5
Let p = -16 - -23. Calculate the remainder when 604/p + (-2)/7 is divided by 22.
20
Suppose 3*s - 628 = -s. What is the remainder when s is divided by 32?
29
Suppose 5*r - 106 = -2*x - 33, 0 = -2*x + 2*r + 66. Calculate the remainder when x is divided by 12.
10
Suppose -4*a + 5*h = -45, -4*a - 4*h + 30 + 42 = 0. What is the remainder when 58 is divided by a?
13
Let z(j) = -7*j - 10. Let o(k) = 7*k + 10. Let a(n) = 6*o(n) + 7*z(n). Let w be a(-7). Suppose -3*i + 0*i = -w. What is the remainder when i is divided by 5?
3
Suppose 3*q = -2*q + 50. Let a(g) = g - 1. Let r(h) = -h**3 + 10*h**2 + 7. Let n be r(10). What is the remainder when q is divided by a(n)?
4
Suppose 0 = 3*r - 35 - 34. Suppose 0*s - 4*s + 20 = 0. Suppose -s*f + 75 - 15 = 0. What is the remainder when r is divided by f?
11
Let o = 103 + -73. Calculate the remainder when o is divided by 8.
6
What is the remainder when 68 is divided by 5/(25/(-10))*-7?
12
Suppose 0 = 8*b - 5*b - 87. Let v = -3 - -19. What is the remainder when b is divided by v?
13
Suppose -4 = -2*l, -32 = -y - 3*l - 7. What is the remainder when 68 is divided by y?
11
Let r = 49 + -28. What is the remainder when 39 is divided by r?
18
Let g = -91 - -50. Let u = g + 94. Let j = 77 - u. Calculate the remainder when j is divided by 13.
11
Let z(a) = 11*a + a**2 - 6*a + 6 + a. Let o = 4 - 12. Calculate the remainder when 42 is divided by z(o).
20
Let n(d) = d**2 + d + 7. Calculate the remainder when n(6) is divided by 25.
24
Suppose -8*a - 108 = -11*a. What is the remainder when a is divided by 13?
10
Let t(x) be the second derivative of 5*x**4/12 - x**3/2 - x**2 - 2*x. Let l be t(6). What is the remainder when 30 is divided by l/15*3/2?
14
Let i be ((-2)/(-1))/(10/15). Suppose -2*h - i*h + 105 = 0. Calculate the remainder when h is divided by 6.
3
Let i be (-8)/(-2)*3/6. Let u = 75 - 76. What is the remainder when 50 is divided by (u/2)/(i/(-52))?
11
Let c = -6 + 8. Suppose 6*r - c*r = 16. Calculate the remainder when 15 is divided by r.
3
Suppose 2*q = -5*o + 1351, -3*o = 3*q - 681 - 135. What is the remainder when o is divided by 10?
9
Let v(k) = -8*k + 76. What is the remainder when v(6) is divided by 4?
0
Calculate the remainder when 25 is divided by ((-7)/3)/(5/(-15)).
4
Let h(d) = 0 - 4*d + d + 2*d + 11. Suppose -4*y + 0*y = 0. What is the remainder when 32 is divided by h(y)?
10
Let q(y) = 5*y**2 + 6*y + 10. Calculate the remainder when 33 is divided by q(-2).
15
Suppose 0 = -3*a + 10 - 1. Suppose -2*i - 2*f + 26 = -a*f, -8 = -2*f. Calculate the remainder when i is divided by 4.
3
Let v(x) = -x**3 - 2*x**2 + 3*x + 21. Let i(f) be the first derivative of -15*f**2 - 1. What is the remainder when i(-2) is divided by v(0)?
18
Let f(c) = c + 9. Let i be f(-5). Suppose 30 = 2*v + i. What is the remainder when 49 is divided by v?
10
Let m(z) = 6*z - 27. Let h(l) = 3*l - 13. Let r(a) = 13*h(a) - 6*m(a). Calculate the remainder when 21 is divided by r(5).
5
Suppose 31 = 5*h - 9. Suppose -5*j - 20 = h*f - 4*f, -f - j = 4. Suppose f*v = 2*v - 128. Calculate the remainder when v is divided by 22.
20
Let f be 0/(-3) + 3*-1. Let s = 17 + f. Let d(i) = 8*i**2 - 2*i + 2. What is the remainder when s is divided by d(1)?
6
Let u be (-6)/(-10) - (-318)/(-30). What is the remainder when (u/(-4))/((-1)/(-28)) is divided by 18?
16
Calculate the remainder when (-4)/(-6)*(-423)/(-6) is divided by (-1)/(-4) + (-141)/(-12).
11
Let t = 21 + -13. What is the remainder when 40 is divided by (-28)/(-3)*12/t?
12
Let l(w) = -w**3 + w**2 + w + 7. Let n be l(0). Let s(a) = -a**2 - a + 1. Let d be s(0). Let t = n - d. What is the remainder when 17 is divided by t?
5
Let a(m) = -m**2 + 7*m - 4. Let w be a(5). Suppose 5*p + w = 71. What is the remainder when 25 is divided by p?
12
Suppose 6*n = 142 + 50. Calculate the remainder when 93 is divided by n.
29
Suppose -5*c = 3*q - 16, 0 = 4*q - 0*c - 4*c. What is the remainder when 2/6 - 224/(-12) is divided by q/3 + (-56)/(-6)?
9
Let c = -31 - -72. Suppose 7 + c = 3*w. What is the remainder when 47 is divided by w?
15
Suppose -b - 3*f = -16, 5*b - 2*f = 2*f + 99. Calculate the remainder when 54 is divided by b.
16
Let s(w) = w**2 - 4*w + 7. Let t be s(6). Calculate the remainder when (t/2 - 3)*6 is divided by 20.
19
Let r(k) = -18*k - 3. What is the remainder when 59 is divided by r(-1)?
14
Let h(i) = -i**2 + 7*i + 8. Suppose -4*z + 1 = -23. Suppose z*j - 35 = j. Calculate the remainder when 14 is divided by h(j).
6
Let j(b) = -b**3 - 2*b**2 + b - 10. Calculate the remainder when 55 is divided by j(-4).
1
Suppose -5*c = -245 + 85. Let l = c + -18. Let z = -66 - -106. What is the remainder when z is divided by l?
12
What is the remainder when (62/4)/((-10)/(-20)) is divided by 8?
7
Let v = -25 - -50. Let o = -6 + v. Let y = 13 - 3. Calculate the remainder when o is divided by y.
9
Let a = -4 - -39. Calculate the remainder when a is divided by 9.
8
Let z = 77 - 44. Suppose z - 9 = 3*v. Calculate the remainder when v is divided by 5.
3
Let f = 41 + 16. What is the remainder when f is divided by 12?
9
Let c(s) = 2*s**2 - 2*s + 1. Let w be c(2). Let l(i) = i**2 - 3*i + 7. What is the remainder when l(w) is divided by 9?
8
Suppose 4*c = 9*c - 40. What is the remainder when 40/3 - (-2)/(-6) is divided by c?
5
Let h = -7 - -7. Suppose -5*t = -10, h*t = -5*x + t + 118. What is the remainder when x is divided by 9?
6
Calculate the remainder when 7 - 2 - -6 - (-2 + 1) is divided by 7.
5
Suppose -4 - 2 = -3*i. What is the remainder when 8 is divided by i?
0
Let r = 21 + -18. Let x = -15 + 6. What is the remainder when 1/(-2) - x/2 is divided by r?
1
Suppose 0 = -3*k + 179 + 415. What is the remainder when k is divided by 40?
38
Let l = -26 - -17. Let i = 46 + l. What is the remainder when i is divided by 10?
7
Suppose -8*r = -3*r + 5*s - 15, 5*r + 4*s - 17 = 0. Suppose -4*c + 3*t + 79 = 0, -t + 90 = r*c - 3*t. What is the remainder when 61 is divided by c?
13
Let p be 2 - -4 - (-2 - 1). Let n(g) = 6*g - 3. Let c be n(p). Let l = c - -13. What is the remainder when l is divided by 22?
20
Let m = 21 + 6. Calculate the remainder when m is divided by 15.
12
Let u be 3/(-9) + (-13)/(-3). Suppose -u*s + 5 = -19. What is the remainder when 10 is divided by s?
4
Let g = 335 - 194. What is the remainder when g is divided by 48?
45
Let m(g) = 4*g**2 - 6*g + 3. Suppose 5*t + 6 = -d, -t - 12 = t - 2*d. Let c = t + 6. Calculate the remainder when m(c) is divided by 15.
13
Let d be (-10 + -36)/((-2)/1). Suppose k + 0*k - 2 = -3*b, -k + d = -4*b. What is the remainder when k is divided by 3?
2
What is the remainder whe